{"id":37359,"date":"2024-06-05T23:35:46","date_gmt":"2024-06-05T21:35:46","guid":{"rendered":"http:\/\/shop.bertsch-holzbau.eu\/brillantblockhaus\/?post_type=product&#038;p=37359"},"modified":"2024-06-19T14:54:50","modified_gmt":"2024-06-19T12:54:50","slug":"lozko-do-sauny","status":"publish","type":"product","link":"https:\/\/shop.bertsch-holzbau.eu\/brillantblockhaus\/produkt\/lozko-do-sauny\/","title":{"rendered":"\u0141\u00f3\u017cko do sauny"},"content":{"rendered":"<table class=\"alt\">\n<tbody>\n<tr>\n<td>Wymiary \u015bciany (Sz\/D)<\/td>\n<td>70 x 163 cm<\/td>\n<\/tr>\n<tr>\n<td>Wysoko\u015b\u0107 \u015bciany \/ Prz\u00f3d<\/td>\n<td>41 cm<\/td>\n<\/tr>\n<tr>\n<td>Wysoko\u015b\u0107 \u015bciany \/ Ty\u0142<\/td>\n<td>73 cm<\/td>\n<\/tr>\n<tr>\n<td>Opcjonalne Akcesoria<\/td>\n<td>\n<ul class=\"accessories\">\n<li>Einfr\u00e4sung: ID001552<\/li>\n<\/ul>\n<ul class=\"accessories\">\n<li>BHB-Standard-Lasur: ID001552<\/li>\n<\/ul>\n<ul class=\"accessories\">\n<li>BHB-Standard-RAL-Farbe: ID001552<\/li>\n<\/ul>\n<ul class=\"accessories\">\n<li>BHB-Standard-RAL-Farbe (wei\u00df): ID001552<\/li>\n<\/ul>\n<ul class=\"accessories\">\n<li>Lasur \/ RAL Farbe (Wunsch): ID001552<\/li>\n<\/ul>\n<\/td>\n<\/tr>\n<tr>\n<td>ID Obiektu<\/td>\n<td>1552<\/td>\n<\/tr>\n<\/tbody>\n<\/table>\n","protected":false},"excerpt":{"rendered":"<p>Wymiary \u015bciany (Sz\/D) 70 x 163 cm Wysoko\u015b\u0107 \u015bciany \/ Prz\u00f3d 41 cm Wysoko\u015b\u0107 \u015bciany \/ Ty\u0142 73 cm Opcjonalne Akcesoria Einfr\u00e4sung: ID001552 BHB-Standard-Lasur: ID001552 BHB-Standard-RAL-Farbe: ID001552 BHB-Standard-RAL-Farbe (wei\u00df): ID001552 Lasur \/ RAL Farbe (Wunsch): ID001552 ID Obiektu 1552<\/p>\n","protected":false},"featured_media":37360,"template":"","meta":[],"product_cat":[888],"product_tag":[],"yoast_head":"<!-- This site is optimized with the Yoast SEO plugin v22.5 - https:\/\/yoast.com\/wordpress\/plugins\/seo\/ -->\n<title>\u0141\u00f3\u017cko do sauny - Brillant<\/title>\n<meta name=\"robots\" content=\"index, follow, max-snippet:-1, max-image-preview:large, max-video-preview:-1\" \/>\n<link rel=\"canonical\" href=\"https:\/\/shop.bertsch-holzbau.eu\/brillantblockhaus\/produkt\/lozko-do-sauny\/\" \/>\n<meta property=\"og:locale\" content=\"pl_PL\" \/>\n<meta property=\"og:type\" content=\"article\" \/>\n<meta property=\"og:title\" content=\"\u0141\u00f3\u017cko do sauny - Brillant\" \/>\n<meta property=\"og:description\" content=\"Wymiary \u015bciany (Sz\/D) 70 x 163 cm Wysoko\u015b\u0107 \u015bciany \/ Prz\u00f3d 41 cm Wysoko\u015b\u0107 \u015bciany \/ Ty\u0142 73 cm Opcjonalne Akcesoria Einfr\u00e4sung: ID001552 BHB-Standard-Lasur: ID001552 BHB-Standard-RAL-Farbe: ID001552 BHB-Standard-RAL-Farbe (wei\u00df): ID001552 Lasur \/ RAL Farbe (Wunsch): ID001552 ID Obiektu 1552\" \/>\n<meta property=\"og:url\" content=\"https:\/\/shop.bertsch-holzbau.eu\/brillantblockhaus\/produkt\/lozko-do-sauny\/\" \/>\n<meta property=\"og:site_name\" content=\"Brillant\" \/>\n<meta property=\"article:modified_time\" content=\"2024-06-19T12:54:50+00:00\" \/>\n<meta property=\"og:image\" content=\"https:\/\/shop.bertsch-holzbau.eu\/brillantblockhaus\/wp-content\/uploads\/sites\/34\/2024\/06\/001552-01a.jpg\" \/>\n\t<meta property=\"og:image:width\" content=\"800\" \/>\n\t<meta property=\"og:image:height\" content=\"750\" \/>\n\t<meta property=\"og:image:type\" content=\"image\/jpeg\" \/>\n<meta name=\"twitter:card\" content=\"summary_large_image\" \/>\n<meta name=\"twitter:label1\" content=\"Szacowany czas czytania\" \/>\n\t<meta name=\"twitter:data1\" content=\"1 minuta\" \/>\n<script type=\"application\/ld+json\" class=\"yoast-schema-graph\">{\"@context\":\"https:\/\/schema.org\",\"@graph\":[{\"@type\":\"WebPage\",\"@id\":\"https:\/\/shop.bertsch-holzbau.eu\/brillantblockhaus\/produkt\/lozko-do-sauny\/\",\"url\":\"https:\/\/shop.bertsch-holzbau.eu\/brillantblockhaus\/produkt\/lozko-do-sauny\/\",\"name\":\"\u0141\u00f3\u017cko do sauny - Brillant\",\"isPartOf\":{\"@id\":\"https:\/\/shop.bertsch-holzbau.eu\/brillantblockhaus\/#website\"},\"primaryImageOfPage\":{\"@id\":\"https:\/\/shop.bertsch-holzbau.eu\/brillantblockhaus\/produkt\/lozko-do-sauny\/#primaryimage\"},\"image\":{\"@id\":\"https:\/\/shop.bertsch-holzbau.eu\/brillantblockhaus\/produkt\/lozko-do-sauny\/#primaryimage\"},\"thumbnailUrl\":\"https:\/\/shop.bertsch-holzbau.eu\/brillantblockhaus\/wp-content\/uploads\/sites\/34\/2024\/06\/001552-01a.jpg\",\"datePublished\":\"2024-06-05T21:35:46+00:00\",\"dateModified\":\"2024-06-19T12:54:50+00:00\",\"breadcrumb\":{\"@id\":\"https:\/\/shop.bertsch-holzbau.eu\/brillantblockhaus\/produkt\/lozko-do-sauny\/#breadcrumb\"},\"inLanguage\":\"pl-PL\",\"potentialAction\":[{\"@type\":\"ReadAction\",\"target\":[\"https:\/\/shop.bertsch-holzbau.eu\/brillantblockhaus\/produkt\/lozko-do-sauny\/\"]}]},{\"@type\":\"ImageObject\",\"inLanguage\":\"pl-PL\",\"@id\":\"https:\/\/shop.bertsch-holzbau.eu\/brillantblockhaus\/produkt\/lozko-do-sauny\/#primaryimage\",\"url\":\"https:\/\/shop.bertsch-holzbau.eu\/brillantblockhaus\/wp-content\/uploads\/sites\/34\/2024\/06\/001552-01a.jpg\",\"contentUrl\":\"https:\/\/shop.bertsch-holzbau.eu\/brillantblockhaus\/wp-content\/uploads\/sites\/34\/2024\/06\/001552-01a.jpg\",\"width\":800,\"height\":750},{\"@type\":\"BreadcrumbList\",\"@id\":\"https:\/\/shop.bertsch-holzbau.eu\/brillantblockhaus\/produkt\/lozko-do-sauny\/#breadcrumb\",\"itemListElement\":[{\"@type\":\"ListItem\",\"position\":1,\"name\":\"Strona g\u0142\u00f3wna\",\"item\":\"https:\/\/shop.bertsch-holzbau.eu\/brillantblockhaus\/\"},{\"@type\":\"ListItem\",\"position\":2,\"name\":\"Sklep\",\"item\":\"https:\/\/shop.bertsch-holzbau.eu\/brillantblockhaus\/sklep\/\"},{\"@type\":\"ListItem\",\"position\":3,\"name\":\"\u0141\u00f3\u017cko do sauny\"}]},{\"@type\":\"WebSite\",\"@id\":\"https:\/\/shop.bertsch-holzbau.eu\/brillantblockhaus\/#website\",\"url\":\"https:\/\/shop.bertsch-holzbau.eu\/brillantblockhaus\/\",\"name\":\"Brillant\",\"description\":\"Domy modu\u0142owe, domki z profili, ogrodowe, domy z bali\",\"publisher\":{\"@id\":\"https:\/\/shop.bertsch-holzbau.eu\/brillantblockhaus\/#organization\"},\"potentialAction\":[{\"@type\":\"SearchAction\",\"target\":{\"@type\":\"EntryPoint\",\"urlTemplate\":\"https:\/\/shop.bertsch-holzbau.eu\/brillantblockhaus\/?s={search_term_string}\"},\"query-input\":\"required name=search_term_string\"}],\"inLanguage\":\"pl-PL\"},{\"@type\":\"Organization\",\"@id\":\"https:\/\/shop.bertsch-holzbau.eu\/brillantblockhaus\/#organization\",\"name\":\"Brillant\",\"url\":\"https:\/\/shop.bertsch-holzbau.eu\/brillantblockhaus\/\",\"logo\":{\"@type\":\"ImageObject\",\"inLanguage\":\"pl-PL\",\"@id\":\"https:\/\/shop.bertsch-holzbau.eu\/brillantblockhaus\/#\/schema\/logo\/image\/\",\"url\":\"https:\/\/shop.bertsch-holzbau.eu\/brillantblockhaus\/wp-content\/uploads\/sites\/34\/2022\/07\/logo-pl.png\",\"contentUrl\":\"https:\/\/shop.bertsch-holzbau.eu\/brillantblockhaus\/wp-content\/uploads\/sites\/34\/2022\/07\/logo-pl.png\",\"width\":2000,\"height\":482,\"caption\":\"Brillant\"},\"image\":{\"@id\":\"https:\/\/shop.bertsch-holzbau.eu\/brillantblockhaus\/#\/schema\/logo\/image\/\"}}]}<\/script>\n<!-- \/ Yoast SEO plugin. -->","yoast_head_json":{"title":"\u0141\u00f3\u017cko do sauny - Brillant","robots":{"index":"index","follow":"follow","max-snippet":"max-snippet:-1","max-image-preview":"max-image-preview:large","max-video-preview":"max-video-preview:-1"},"canonical":"https:\/\/shop.bertsch-holzbau.eu\/brillantblockhaus\/produkt\/lozko-do-sauny\/","og_locale":"pl_PL","og_type":"article","og_title":"\u0141\u00f3\u017cko do sauny - Brillant","og_description":"Wymiary \u015bciany (Sz\/D) 70 x 163 cm Wysoko\u015b\u0107 \u015bciany \/ Prz\u00f3d 41 cm Wysoko\u015b\u0107 \u015bciany \/ Ty\u0142 73 cm Opcjonalne Akcesoria Einfr\u00e4sung: ID001552 BHB-Standard-Lasur: ID001552 BHB-Standard-RAL-Farbe: ID001552 BHB-Standard-RAL-Farbe (wei\u00df): ID001552 Lasur \/ RAL Farbe (Wunsch): ID001552 ID Obiektu 1552","og_url":"https:\/\/shop.bertsch-holzbau.eu\/brillantblockhaus\/produkt\/lozko-do-sauny\/","og_site_name":"Brillant","article_modified_time":"2024-06-19T12:54:50+00:00","og_image":[{"width":800,"height":750,"url":"https:\/\/shop.bertsch-holzbau.eu\/brillantblockhaus\/wp-content\/uploads\/sites\/34\/2024\/06\/001552-01a.jpg","type":"image\/jpeg"}],"twitter_card":"summary_large_image","twitter_misc":{"Szacowany czas czytania":"1 minuta"},"schema":{"@context":"https:\/\/schema.org","@graph":[{"@type":"WebPage","@id":"https:\/\/shop.bertsch-holzbau.eu\/brillantblockhaus\/produkt\/lozko-do-sauny\/","url":"https:\/\/shop.bertsch-holzbau.eu\/brillantblockhaus\/produkt\/lozko-do-sauny\/","name":"\u0141\u00f3\u017cko do sauny - Brillant","isPartOf":{"@id":"https:\/\/shop.bertsch-holzbau.eu\/brillantblockhaus\/#website"},"primaryImageOfPage":{"@id":"https:\/\/shop.bertsch-holzbau.eu\/brillantblockhaus\/produkt\/lozko-do-sauny\/#primaryimage"},"image":{"@id":"https:\/\/shop.bertsch-holzbau.eu\/brillantblockhaus\/produkt\/lozko-do-sauny\/#primaryimage"},"thumbnailUrl":"https:\/\/shop.bertsch-holzbau.eu\/brillantblockhaus\/wp-content\/uploads\/sites\/34\/2024\/06\/001552-01a.jpg","datePublished":"2024-06-05T21:35:46+00:00","dateModified":"2024-06-19T12:54:50+00:00","breadcrumb":{"@id":"https:\/\/shop.bertsch-holzbau.eu\/brillantblockhaus\/produkt\/lozko-do-sauny\/#breadcrumb"},"inLanguage":"pl-PL","potentialAction":[{"@type":"ReadAction","target":["https:\/\/shop.bertsch-holzbau.eu\/brillantblockhaus\/produkt\/lozko-do-sauny\/"]}]},{"@type":"ImageObject","inLanguage":"pl-PL","@id":"https:\/\/shop.bertsch-holzbau.eu\/brillantblockhaus\/produkt\/lozko-do-sauny\/#primaryimage","url":"https:\/\/shop.bertsch-holzbau.eu\/brillantblockhaus\/wp-content\/uploads\/sites\/34\/2024\/06\/001552-01a.jpg","contentUrl":"https:\/\/shop.bertsch-holzbau.eu\/brillantblockhaus\/wp-content\/uploads\/sites\/34\/2024\/06\/001552-01a.jpg","width":800,"height":750},{"@type":"BreadcrumbList","@id":"https:\/\/shop.bertsch-holzbau.eu\/brillantblockhaus\/produkt\/lozko-do-sauny\/#breadcrumb","itemListElement":[{"@type":"ListItem","position":1,"name":"Strona g\u0142\u00f3wna","item":"https:\/\/shop.bertsch-holzbau.eu\/brillantblockhaus\/"},{"@type":"ListItem","position":2,"name":"Sklep","item":"https:\/\/shop.bertsch-holzbau.eu\/brillantblockhaus\/sklep\/"},{"@type":"ListItem","position":3,"name":"\u0141\u00f3\u017cko do sauny"}]},{"@type":"WebSite","@id":"https:\/\/shop.bertsch-holzbau.eu\/brillantblockhaus\/#website","url":"https:\/\/shop.bertsch-holzbau.eu\/brillantblockhaus\/","name":"Brillant","description":"Domy modu\u0142owe, domki z profili, ogrodowe, domy z bali","publisher":{"@id":"https:\/\/shop.bertsch-holzbau.eu\/brillantblockhaus\/#organization"},"potentialAction":[{"@type":"SearchAction","target":{"@type":"EntryPoint","urlTemplate":"https:\/\/shop.bertsch-holzbau.eu\/brillantblockhaus\/?s={search_term_string}"},"query-input":"required name=search_term_string"}],"inLanguage":"pl-PL"},{"@type":"Organization","@id":"https:\/\/shop.bertsch-holzbau.eu\/brillantblockhaus\/#organization","name":"Brillant","url":"https:\/\/shop.bertsch-holzbau.eu\/brillantblockhaus\/","logo":{"@type":"ImageObject","inLanguage":"pl-PL","@id":"https:\/\/shop.bertsch-holzbau.eu\/brillantblockhaus\/#\/schema\/logo\/image\/","url":"https:\/\/shop.bertsch-holzbau.eu\/brillantblockhaus\/wp-content\/uploads\/sites\/34\/2022\/07\/logo-pl.png","contentUrl":"https:\/\/shop.bertsch-holzbau.eu\/brillantblockhaus\/wp-content\/uploads\/sites\/34\/2022\/07\/logo-pl.png","width":2000,"height":482,"caption":"Brillant"},"image":{"@id":"https:\/\/shop.bertsch-holzbau.eu\/brillantblockhaus\/#\/schema\/logo\/image\/"}}]}},"_links":{"self":[{"href":"https:\/\/shop.bertsch-holzbau.eu\/brillantblockhaus\/wp-json\/wp\/v2\/product\/37359"}],"collection":[{"href":"https:\/\/shop.bertsch-holzbau.eu\/brillantblockhaus\/wp-json\/wp\/v2\/product"}],"about":[{"href":"https:\/\/shop.bertsch-holzbau.eu\/brillantblockhaus\/wp-json\/wp\/v2\/types\/product"}],"wp:featuredmedia":[{"embeddable":true,"href":"https:\/\/shop.bertsch-holzbau.eu\/brillantblockhaus\/wp-json\/wp\/v2\/media\/37360"}],"wp:attachment":[{"href":"https:\/\/shop.bertsch-holzbau.eu\/brillantblockhaus\/wp-json\/wp\/v2\/media?parent=37359"}],"wp:term":[{"taxonomy":"product_cat","embeddable":true,"href":"https:\/\/shop.bertsch-holzbau.eu\/brillantblockhaus\/wp-json\/wp\/v2\/product_cat?post=37359"},{"taxonomy":"product_tag","embeddable":true,"href":"https:\/\/shop.bertsch-holzbau.eu\/brillantblockhaus\/wp-json\/wp\/v2\/product_tag?post=37359"}],"curies":[{"name":"wp","href":"https:\/\/api.w.org\/{rel}","templated":true}]}}