{"id":37370,"date":"2024-06-05T23:46:04","date_gmt":"2024-06-05T21:46:04","guid":{"rendered":"http:\/\/shop.bertsch-holzbau.eu\/brillantblockhaus\/?post_type=product&#038;p=37370"},"modified":"2025-05-14T08:37:04","modified_gmt":"2025-05-14T06:37:04","slug":"h70-2231-2et-ff","status":"publish","type":"product","link":"https:\/\/shop.bertsch-holzbau.eu\/brillantblockhaus\/produkt\/h70-2231-2et-ff\/","title":{"rendered":"H70-2231-2ET-FF"},"content":{"rendered":"<table class=\"alt\">\n<tbody>\n<tr>\n<td>Typ Systemu<\/td>\n<td>Zuluna \/\u00a0Domy z Bali<\/td>\n<\/tr>\n<tr>\n<td>Kszta\u0142t dachu<\/td>\n<td>Dach Dwuspadowy<\/td>\n<\/tr>\n<tr>\n<td>Grubo\u015b\u0107<\/td>\n<td>70 mm<\/td>\n<\/tr>\n<tr>\n<td>Wymiary \u015bciany (Sz\/D)<\/td>\n<td>220 x 310 cm<\/td>\n<\/tr>\n<tr>\n<td>Wysoko\u015b\u0107 \u015bciany bocznej<\/td>\n<td>218 cm<\/td>\n<\/tr>\n<tr>\n<td>Wysoko\u015b\u0107 maksymalna<\/td>\n<td>252 cm<\/td>\n<\/tr>\n<tr>\n<td>Wypust dachu \/ Prz\u00f3d<\/td>\n<td>28 cm<\/td>\n<\/tr>\n<tr>\n<td>Wypust dachu \/ Ty\u0142<\/td>\n<td>20 cm<\/td>\n<\/tr>\n<tr>\n<td>Wypust dachu \/ Lewo<\/td>\n<td>20 cm<\/td>\n<\/tr>\n<tr>\n<td>Wypust dachu \/ Prawo<\/td>\n<td>20 cm<\/td>\n<\/tr>\n<tr>\n<td>K\u0105t dachu<\/td>\n<td>15 \u00b0<\/td>\n<\/tr>\n<tr>\n<td>Drzwi<\/td>\n<td>2 x ET 75 x 192 cm<\/td>\n<\/tr>\n<tr>\n<td>Okna<\/td>\n<td>FF 100 x 50 cm<\/td>\n<\/tr>\n<tr>\n<td>Opcjonalne Akcesoria<\/td>\n<td>\n<ul class=\"accessories\">\n<li>Pod\u0142oga \/ Rama fundamentowa: FR70-2231<\/li>\n<\/ul>\n<ul class=\"accessories\">\n<li>1 x Rynna: 222B<\/li>\n<\/ul>\n<ul class=\"accessories\">\n<li>5 x Gont Prostok\u0105tny<\/li>\n<li>5 x Gont \u0141uska<\/li>\n<\/ul>\n<ul class=\"accessories\">\n<li>Saunaausstattung (Liegen, Ofenrost, Fu\u00dfrost,): SA-A<\/li>\n<\/ul>\n<ul class=\"accessories\">\n<li>Saunatechnik (Ofen Nordex Combi+Steuerger\u00e4t Pro-B3, F\u00fchler, Kabel): SA-T<\/li>\n<\/ul>\n<ul class=\"accessories\">\n<li>Bodenisolierung mit Einschubplatten + Styrodur: SA-BI-2231<\/li>\n<\/ul>\n<\/td>\n<\/tr>\n<tr>\n<td>ID Obiektu<\/td>\n<td>1546<\/td>\n<\/tr>\n<\/tbody>\n<\/table>\n","protected":false},"excerpt":{"rendered":"<p>Typ Systemu Zuluna \/\u00a0Domy z Bali Kszta\u0142t dachu Dach Dwuspadowy Grubo\u015b\u0107 70 mm Wymiary \u015bciany (Sz\/D) 220 x 310 cm Wysoko\u015b\u0107 \u015bciany bocznej 218 cm Wysoko\u015b\u0107 maksymalna 252 cm Wypust dachu \/ Prz\u00f3d 28 cm Wypust dachu \/ Ty\u0142 20 cm Wypust dachu \/ Lewo 20 cm Wypust dachu \/ Prawo 20 cm K\u0105t dachu [&hellip;]<\/p>\n","protected":false},"featured_media":37762,"template":"","meta":[],"product_cat":[906,195],"product_tag":[],"yoast_head":"<!-- This site is optimized with the Yoast SEO plugin v22.5 - https:\/\/yoast.com\/wordpress\/plugins\/seo\/ -->\n<title>H70-2231-2ET-FF - Brillant<\/title>\n<meta name=\"robots\" content=\"index, follow, max-snippet:-1, max-image-preview:large, max-video-preview:-1\" \/>\n<link rel=\"canonical\" href=\"https:\/\/shop.bertsch-holzbau.eu\/brillantblockhaus\/produkt\/h70-2231-2et-ff\/\" \/>\n<meta property=\"og:locale\" content=\"pl_PL\" \/>\n<meta property=\"og:type\" content=\"article\" \/>\n<meta property=\"og:title\" content=\"H70-2231-2ET-FF - Brillant\" \/>\n<meta property=\"og:description\" content=\"Typ Systemu Zuluna \/\u00a0Domy z Bali Kszta\u0142t dachu Dach Dwuspadowy Grubo\u015b\u0107 70 mm Wymiary \u015bciany (Sz\/D) 220 x 310 cm Wysoko\u015b\u0107 \u015bciany bocznej 218 cm Wysoko\u015b\u0107 maksymalna 252 cm Wypust dachu \/ Prz\u00f3d 28 cm Wypust dachu \/ Ty\u0142 20 cm Wypust dachu \/ Lewo 20 cm Wypust dachu \/ Prawo 20 cm K\u0105t dachu [&hellip;]\" \/>\n<meta property=\"og:url\" content=\"https:\/\/shop.bertsch-holzbau.eu\/brillantblockhaus\/produkt\/h70-2231-2et-ff\/\" \/>\n<meta property=\"og:site_name\" content=\"Brillant\" \/>\n<meta property=\"article:modified_time\" content=\"2025-05-14T06:37:04+00:00\" \/>\n<meta property=\"og:image\" content=\"https:\/\/shop.bertsch-holzbau.eu\/brillantblockhaus\/wp-content\/uploads\/sites\/34\/2024\/06\/H70-2231-2ET-FF_ID1546_2.jpg\" \/>\n\t<meta property=\"og:image:width\" content=\"1920\" \/>\n\t<meta property=\"og:image:height\" content=\"1080\" \/>\n\t<meta property=\"og:image:type\" content=\"image\/jpeg\" \/>\n<meta name=\"twitter:card\" content=\"summary_large_image\" \/>\n<meta name=\"twitter:label1\" content=\"Szacowany czas czytania\" \/>\n\t<meta name=\"twitter:data1\" content=\"1 minuta\" \/>\n<script type=\"application\/ld+json\" class=\"yoast-schema-graph\">{\"@context\":\"https:\/\/schema.org\",\"@graph\":[{\"@type\":\"WebPage\",\"@id\":\"https:\/\/shop.bertsch-holzbau.eu\/brillantblockhaus\/produkt\/h70-2231-2et-ff\/\",\"url\":\"https:\/\/shop.bertsch-holzbau.eu\/brillantblockhaus\/produkt\/h70-2231-2et-ff\/\",\"name\":\"H70-2231-2ET-FF - Brillant\",\"isPartOf\":{\"@id\":\"https:\/\/shop.bertsch-holzbau.eu\/brillantblockhaus\/#website\"},\"primaryImageOfPage\":{\"@id\":\"https:\/\/shop.bertsch-holzbau.eu\/brillantblockhaus\/produkt\/h70-2231-2et-ff\/#primaryimage\"},\"image\":{\"@id\":\"https:\/\/shop.bertsch-holzbau.eu\/brillantblockhaus\/produkt\/h70-2231-2et-ff\/#primaryimage\"},\"thumbnailUrl\":\"https:\/\/shop.bertsch-holzbau.eu\/brillantblockhaus\/wp-content\/uploads\/sites\/34\/2024\/06\/H70-2231-2ET-FF_ID1546_2.jpg\",\"datePublished\":\"2024-06-05T21:46:04+00:00\",\"dateModified\":\"2025-05-14T06:37:04+00:00\",\"breadcrumb\":{\"@id\":\"https:\/\/shop.bertsch-holzbau.eu\/brillantblockhaus\/produkt\/h70-2231-2et-ff\/#breadcrumb\"},\"inLanguage\":\"pl-PL\",\"potentialAction\":[{\"@type\":\"ReadAction\",\"target\":[\"https:\/\/shop.bertsch-holzbau.eu\/brillantblockhaus\/produkt\/h70-2231-2et-ff\/\"]}]},{\"@type\":\"ImageObject\",\"inLanguage\":\"pl-PL\",\"@id\":\"https:\/\/shop.bertsch-holzbau.eu\/brillantblockhaus\/produkt\/h70-2231-2et-ff\/#primaryimage\",\"url\":\"https:\/\/shop.bertsch-holzbau.eu\/brillantblockhaus\/wp-content\/uploads\/sites\/34\/2024\/06\/H70-2231-2ET-FF_ID1546_2.jpg\",\"contentUrl\":\"https:\/\/shop.bertsch-holzbau.eu\/brillantblockhaus\/wp-content\/uploads\/sites\/34\/2024\/06\/H70-2231-2ET-FF_ID1546_2.jpg\",\"width\":1920,\"height\":1080},{\"@type\":\"BreadcrumbList\",\"@id\":\"https:\/\/shop.bertsch-holzbau.eu\/brillantblockhaus\/produkt\/h70-2231-2et-ff\/#breadcrumb\",\"itemListElement\":[{\"@type\":\"ListItem\",\"position\":1,\"name\":\"Strona g\u0142\u00f3wna\",\"item\":\"https:\/\/shop.bertsch-holzbau.eu\/brillantblockhaus\/\"},{\"@type\":\"ListItem\",\"position\":2,\"name\":\"Sklep\",\"item\":\"https:\/\/shop.bertsch-holzbau.eu\/brillantblockhaus\/sklep\/\"},{\"@type\":\"ListItem\",\"position\":3,\"name\":\"H70-2231-2ET-FF\"}]},{\"@type\":\"WebSite\",\"@id\":\"https:\/\/shop.bertsch-holzbau.eu\/brillantblockhaus\/#website\",\"url\":\"https:\/\/shop.bertsch-holzbau.eu\/brillantblockhaus\/\",\"name\":\"Brillant\",\"description\":\"Domy modu\u0142owe, domki z profili, ogrodowe, domy z bali\",\"publisher\":{\"@id\":\"https:\/\/shop.bertsch-holzbau.eu\/brillantblockhaus\/#organization\"},\"potentialAction\":[{\"@type\":\"SearchAction\",\"target\":{\"@type\":\"EntryPoint\",\"urlTemplate\":\"https:\/\/shop.bertsch-holzbau.eu\/brillantblockhaus\/?s={search_term_string}\"},\"query-input\":\"required name=search_term_string\"}],\"inLanguage\":\"pl-PL\"},{\"@type\":\"Organization\",\"@id\":\"https:\/\/shop.bertsch-holzbau.eu\/brillantblockhaus\/#organization\",\"name\":\"Brillant\",\"url\":\"https:\/\/shop.bertsch-holzbau.eu\/brillantblockhaus\/\",\"logo\":{\"@type\":\"ImageObject\",\"inLanguage\":\"pl-PL\",\"@id\":\"https:\/\/shop.bertsch-holzbau.eu\/brillantblockhaus\/#\/schema\/logo\/image\/\",\"url\":\"https:\/\/shop.bertsch-holzbau.eu\/brillantblockhaus\/wp-content\/uploads\/sites\/34\/2022\/07\/logo-pl.png\",\"contentUrl\":\"https:\/\/shop.bertsch-holzbau.eu\/brillantblockhaus\/wp-content\/uploads\/sites\/34\/2022\/07\/logo-pl.png\",\"width\":2000,\"height\":482,\"caption\":\"Brillant\"},\"image\":{\"@id\":\"https:\/\/shop.bertsch-holzbau.eu\/brillantblockhaus\/#\/schema\/logo\/image\/\"}}]}<\/script>\n<!-- \/ Yoast SEO plugin. -->","yoast_head_json":{"title":"H70-2231-2ET-FF - Brillant","robots":{"index":"index","follow":"follow","max-snippet":"max-snippet:-1","max-image-preview":"max-image-preview:large","max-video-preview":"max-video-preview:-1"},"canonical":"https:\/\/shop.bertsch-holzbau.eu\/brillantblockhaus\/produkt\/h70-2231-2et-ff\/","og_locale":"pl_PL","og_type":"article","og_title":"H70-2231-2ET-FF - Brillant","og_description":"Typ Systemu Zuluna \/\u00a0Domy z Bali Kszta\u0142t dachu Dach Dwuspadowy Grubo\u015b\u0107 70 mm Wymiary \u015bciany (Sz\/D) 220 x 310 cm Wysoko\u015b\u0107 \u015bciany bocznej 218 cm Wysoko\u015b\u0107 maksymalna 252 cm Wypust dachu \/ Prz\u00f3d 28 cm Wypust dachu \/ Ty\u0142 20 cm Wypust dachu \/ Lewo 20 cm Wypust dachu \/ Prawo 20 cm K\u0105t dachu [&hellip;]","og_url":"https:\/\/shop.bertsch-holzbau.eu\/brillantblockhaus\/produkt\/h70-2231-2et-ff\/","og_site_name":"Brillant","article_modified_time":"2025-05-14T06:37:04+00:00","og_image":[{"width":1920,"height":1080,"url":"https:\/\/shop.bertsch-holzbau.eu\/brillantblockhaus\/wp-content\/uploads\/sites\/34\/2024\/06\/H70-2231-2ET-FF_ID1546_2.jpg","type":"image\/jpeg"}],"twitter_card":"summary_large_image","twitter_misc":{"Szacowany czas czytania":"1 minuta"},"schema":{"@context":"https:\/\/schema.org","@graph":[{"@type":"WebPage","@id":"https:\/\/shop.bertsch-holzbau.eu\/brillantblockhaus\/produkt\/h70-2231-2et-ff\/","url":"https:\/\/shop.bertsch-holzbau.eu\/brillantblockhaus\/produkt\/h70-2231-2et-ff\/","name":"H70-2231-2ET-FF - Brillant","isPartOf":{"@id":"https:\/\/shop.bertsch-holzbau.eu\/brillantblockhaus\/#website"},"primaryImageOfPage":{"@id":"https:\/\/shop.bertsch-holzbau.eu\/brillantblockhaus\/produkt\/h70-2231-2et-ff\/#primaryimage"},"image":{"@id":"https:\/\/shop.bertsch-holzbau.eu\/brillantblockhaus\/produkt\/h70-2231-2et-ff\/#primaryimage"},"thumbnailUrl":"https:\/\/shop.bertsch-holzbau.eu\/brillantblockhaus\/wp-content\/uploads\/sites\/34\/2024\/06\/H70-2231-2ET-FF_ID1546_2.jpg","datePublished":"2024-06-05T21:46:04+00:00","dateModified":"2025-05-14T06:37:04+00:00","breadcrumb":{"@id":"https:\/\/shop.bertsch-holzbau.eu\/brillantblockhaus\/produkt\/h70-2231-2et-ff\/#breadcrumb"},"inLanguage":"pl-PL","potentialAction":[{"@type":"ReadAction","target":["https:\/\/shop.bertsch-holzbau.eu\/brillantblockhaus\/produkt\/h70-2231-2et-ff\/"]}]},{"@type":"ImageObject","inLanguage":"pl-PL","@id":"https:\/\/shop.bertsch-holzbau.eu\/brillantblockhaus\/produkt\/h70-2231-2et-ff\/#primaryimage","url":"https:\/\/shop.bertsch-holzbau.eu\/brillantblockhaus\/wp-content\/uploads\/sites\/34\/2024\/06\/H70-2231-2ET-FF_ID1546_2.jpg","contentUrl":"https:\/\/shop.bertsch-holzbau.eu\/brillantblockhaus\/wp-content\/uploads\/sites\/34\/2024\/06\/H70-2231-2ET-FF_ID1546_2.jpg","width":1920,"height":1080},{"@type":"BreadcrumbList","@id":"https:\/\/shop.bertsch-holzbau.eu\/brillantblockhaus\/produkt\/h70-2231-2et-ff\/#breadcrumb","itemListElement":[{"@type":"ListItem","position":1,"name":"Strona g\u0142\u00f3wna","item":"https:\/\/shop.bertsch-holzbau.eu\/brillantblockhaus\/"},{"@type":"ListItem","position":2,"name":"Sklep","item":"https:\/\/shop.bertsch-holzbau.eu\/brillantblockhaus\/sklep\/"},{"@type":"ListItem","position":3,"name":"H70-2231-2ET-FF"}]},{"@type":"WebSite","@id":"https:\/\/shop.bertsch-holzbau.eu\/brillantblockhaus\/#website","url":"https:\/\/shop.bertsch-holzbau.eu\/brillantblockhaus\/","name":"Brillant","description":"Domy modu\u0142owe, domki z profili, ogrodowe, domy z bali","publisher":{"@id":"https:\/\/shop.bertsch-holzbau.eu\/brillantblockhaus\/#organization"},"potentialAction":[{"@type":"SearchAction","target":{"@type":"EntryPoint","urlTemplate":"https:\/\/shop.bertsch-holzbau.eu\/brillantblockhaus\/?s={search_term_string}"},"query-input":"required name=search_term_string"}],"inLanguage":"pl-PL"},{"@type":"Organization","@id":"https:\/\/shop.bertsch-holzbau.eu\/brillantblockhaus\/#organization","name":"Brillant","url":"https:\/\/shop.bertsch-holzbau.eu\/brillantblockhaus\/","logo":{"@type":"ImageObject","inLanguage":"pl-PL","@id":"https:\/\/shop.bertsch-holzbau.eu\/brillantblockhaus\/#\/schema\/logo\/image\/","url":"https:\/\/shop.bertsch-holzbau.eu\/brillantblockhaus\/wp-content\/uploads\/sites\/34\/2022\/07\/logo-pl.png","contentUrl":"https:\/\/shop.bertsch-holzbau.eu\/brillantblockhaus\/wp-content\/uploads\/sites\/34\/2022\/07\/logo-pl.png","width":2000,"height":482,"caption":"Brillant"},"image":{"@id":"https:\/\/shop.bertsch-holzbau.eu\/brillantblockhaus\/#\/schema\/logo\/image\/"}}]}},"_links":{"self":[{"href":"https:\/\/shop.bertsch-holzbau.eu\/brillantblockhaus\/wp-json\/wp\/v2\/product\/37370"}],"collection":[{"href":"https:\/\/shop.bertsch-holzbau.eu\/brillantblockhaus\/wp-json\/wp\/v2\/product"}],"about":[{"href":"https:\/\/shop.bertsch-holzbau.eu\/brillantblockhaus\/wp-json\/wp\/v2\/types\/product"}],"wp:featuredmedia":[{"embeddable":true,"href":"https:\/\/shop.bertsch-holzbau.eu\/brillantblockhaus\/wp-json\/wp\/v2\/media\/37762"}],"wp:attachment":[{"href":"https:\/\/shop.bertsch-holzbau.eu\/brillantblockhaus\/wp-json\/wp\/v2\/media?parent=37370"}],"wp:term":[{"taxonomy":"product_cat","embeddable":true,"href":"https:\/\/shop.bertsch-holzbau.eu\/brillantblockhaus\/wp-json\/wp\/v2\/product_cat?post=37370"},{"taxonomy":"product_tag","embeddable":true,"href":"https:\/\/shop.bertsch-holzbau.eu\/brillantblockhaus\/wp-json\/wp\/v2\/product_tag?post=37370"}],"curies":[{"name":"wp","href":"https:\/\/api.w.org\/{rel}","templated":true}]}}