{"id":3,"date":"2022-07-20T09:59:21","date_gmt":"2022-07-20T07:59:21","guid":{"rendered":"http:\/\/shop.bertsch-holzbau.eu\/ganama\/?page_id=3"},"modified":"2023-03-13T13:09:54","modified_gmt":"2023-03-13T12:09:54","slug":"polityka-prywatnosci","status":"publish","type":"page","link":"https:\/\/shop.bertsch-holzbau.eu\/ganama\/polityka-prywatnosci\/","title":{"rendered":"Polityka prywatno\u015bci"},"content":{"rendered":"\n<p>Niniejsza Polityka prywatno\u015bci okre\u015bla zasady przetwarzania i ochrony danych osobowych Klient\u00f3w korzystaj\u0105cych ze sklepu internetowego dost\u0119pnego pod adresem WWW.BERTSCH-HOLZBAU.EU<\/p>\n\n\n\n<p>1.&nbsp;Administratorem pa\u0144stwa danych osobowych jest bhb bertsch holzbau sp. Z o.o. z siedzib\u0105 przy ul. Jana paw\u0142a ii 29, 33-300 nowy s\u0105cz, e-mail:&nbsp;rodo@bertsch-holzbau.eu<\/p>\n\n\n\n<p>2. Pa\u0144stwa dane osobowe (imi\u0119, nazwisko, adres e-mail, telefon, nip, regon, firma, adres) w zakresie podanym przez pa\u0144stwo administratorowi, przetwarzane b\u0119d\u0105 wy\u0142\u0105cznie w celu:<\/p>\n\n\n\n<ul type=\"1\" start=\"1\">\n<li>Realizacji zam\u00f3wie\u0144 w sklepie internetowym, wykonania umowy sprzeda\u017cy jak r\u00f3wnie\u017c wysy\u0142ki zam\u00f3wie\u0144 (podstawa art. 6 ust. 1 lit. B rodo)<\/li>\n\n\n\n<li>Realizacji procesu reklamacji lub odst\u0105pienia od umowy (podstawa art. 6 ust. 1 lit. C rodo)<\/li>\n\n\n\n<li>Ustosunkowania si\u0119 i udzielenia odpowiedzi na pa\u0144stwa korespondencj\u0119 lub w celu skierowania przez administratora korespondencji do pa\u0144stwa, w sprawach zwi\u0105zanych z prowadzon\u0105 przez administratora dzia\u0142alno\u015bci\u0105 gospodarcz\u0105, jak r\u00f3wnie\u017c w celu archiwizacji korespondencji, b\u0119d\u0105cych realizacj\u0105 prawnie uzasadnionego interesu administratora (podstawa art. 6 ust. 1 lit. F rodo).<\/li>\n\n\n\n<li>Ustalenia i dochodzenia roszcze\u0144 lub obrony przed roszczeniami (podstawa art. 6 ust. 1 lit.f rodo)<\/li>\n<\/ul>\n\n\n\n<p>3. Pa\u0144stwa dane osobowe nie b\u0119d\u0105 przekazywane do pa\u0144stwa trzeciego; b\u0119d\u0105 przechowywane przez okres istnienia usprawiedliwionego interesu administratora, dane osobowe przekazywane przy zawieraniu umowy sprzeda\u017cy b\u0119d\u0105 przechowywane przez okres jej obowi\u0105zywania a\u017c do up\u0142ywu terminu przedawnienia roszcze\u0144 z tytu\u0142u r\u0119kojmi i gwarancji; nie b\u0119d\u0105 profilowane oraz administrator nie b\u0119dzie pojmowa\u0142 wobec pa\u0144stwa zautomatyzowanych decyzji w oparciu o udost\u0119pnione dane osobowe.<\/p>\n\n\n\n<p>4. W ka\u017cdym czasie przys\u0142uguje pa\u0144stwu prawo do \u017c\u0105dania od administratora: dost\u0119pu do danych osobowych, ich sprostowania, usuni\u0119cia lub ograniczenia przetwarzania, wniesienia sprzeciwu wobec przetwarzania oraz przenoszenia danych osobowych, a tak\u017ce do wniesienia skargi do organu nadzorczego, dotycz\u0105cej przetwarzania przez administratora pa\u0144stwa danych osobowych, to jest do prezesa urz\u0119du ochrony danych osobowych, gdy przetwarzanie przez administratora pa\u0144stwa danych osobowych narusza przepisy prawa o ochronie danych osobowych.<\/p>\n\n\n\n<p>5. Podanie administratorowi danych osobowych jest dobrowolne, ale niezb\u0119dne w celu realizacji umowy sprzeda\u017cy produkt\u00f3w jak te\u017c ich wysy\u0142ki, ustosunkowania si\u0119 i udzielenia odpowiedzi na pa\u0144stwa korespondencj\u0119 kierowan\u0105 do administratora lub w celu skierowania do pa\u0144stwa korespondencji przez administratora. Niepodanie danych osobowych niezb\u0119dnych do zawarcia umowy sprzeda\u017cy b\u0119dzie skutkowa\u0107 odmow\u0105 zawarcia umowy sprzeda\u017cy.<\/p>\n\n\n\n<p>6. Do pa\u0144stwa danych mog\u0105 te\u017c mie\u0107 dost\u0119p podwykonawcy administratora, w tym podmioty przetwarzaj\u0105ce, np. Firmy ksi\u0119gowe, prawnicze, informatyczne, firmy transportowe, kurierskie, \u015bwiadcz\u0105ce us\u0142ugi pocztowe, firmy realizuj\u0105ce p\u0142atno\u015bci za pomoc\u0105 systemu p\u0142atno\u015bci elektronicznych.<\/p>\n","protected":false},"excerpt":{"rendered":"<p>Niniejsza Polityka prywatno\u015bci okre\u015bla zasady przetwarzania i ochrony danych osobowych Klient\u00f3w korzystaj\u0105cych ze sklepu internetowego dost\u0119pnego pod adresem WWW.BERTSCH-HOLZBAU.EU 1.&nbsp;Administratorem pa\u0144stwa danych osobowych jest bhb bertsch holzbau sp. Z o.o. z siedzib\u0105 przy ul. Jana paw\u0142a ii 29, 33-300 nowy s\u0105cz, e-mail:&nbsp;rodo@bertsch-holzbau.eu 2. Pa\u0144stwa dane osobowe (imi\u0119, nazwisko, adres e-mail, telefon, nip, regon, firma, adres) [&hellip;]<\/p>\n","protected":false},"author":1,"featured_media":0,"parent":0,"menu_order":0,"comment_status":"closed","ping_status":"closed","template":"","meta":{"footnotes":""},"yoast_head":"<!-- This site is optimized with the Yoast SEO plugin v22.5 - https:\/\/yoast.com\/wordpress\/plugins\/seo\/ -->\n<title>RODO sklep internetowy \u2013 BHB Bertsch Holzbau<\/title>\n<meta name=\"robots\" content=\"index, follow, max-snippet:-1, max-image-preview:large, max-video-preview:-1\" \/>\n<link rel=\"canonical\" href=\"https:\/\/shop.bertsch-holzbau.eu\/ganama\/polityka-prywatnosci\/\" \/>\n<meta property=\"og:locale\" content=\"pl_PL\" \/>\n<meta property=\"og:type\" content=\"article\" \/>\n<meta property=\"og:title\" content=\"RODO sklep internetowy \u2013 BHB Bertsch Holzbau\" \/>\n<meta property=\"og:description\" content=\"Niniejsza Polityka prywatno\u015bci okre\u015bla zasady przetwarzania i ochrony danych osobowych Klient\u00f3w korzystaj\u0105cych ze sklepu internetowego dost\u0119pnego pod adresem WWW.BERTSCH-HOLZBAU.EU 1.&nbsp;Administratorem pa\u0144stwa danych osobowych jest bhb bertsch holzbau sp. Z o.o. z siedzib\u0105 przy ul. Jana paw\u0142a ii 29, 33-300 nowy s\u0105cz, e-mail:&nbsp;rodo@bertsch-holzbau.eu 2. Pa\u0144stwa dane osobowe (imi\u0119, nazwisko, adres e-mail, telefon, nip, regon, firma, adres) [&hellip;]\" \/>\n<meta property=\"og:url\" content=\"https:\/\/shop.bertsch-holzbau.eu\/ganama\/polityka-prywatnosci\/\" \/>\n<meta property=\"og:site_name\" content=\"Zuluna - Ganama\" \/>\n<meta property=\"article:modified_time\" content=\"2023-03-13T12:09:54+00:00\" \/>\n<meta name=\"twitter:card\" content=\"summary_large_image\" \/>\n<meta name=\"twitter:label1\" content=\"Szacowany czas czytania\" \/>\n\t<meta name=\"twitter:data1\" content=\"3 minuty\" \/>\n<script type=\"application\/ld+json\" class=\"yoast-schema-graph\">{\"@context\":\"https:\/\/schema.org\",\"@graph\":[{\"@type\":\"WebPage\",\"@id\":\"https:\/\/shop.bertsch-holzbau.eu\/ganama\/polityka-prywatnosci\/\",\"url\":\"https:\/\/shop.bertsch-holzbau.eu\/ganama\/polityka-prywatnosci\/\",\"name\":\"RODO sklep internetowy \u2013 BHB Bertsch Holzbau\",\"isPartOf\":{\"@id\":\"https:\/\/shop.bertsch-holzbau.eu\/ganama\/#website\"},\"datePublished\":\"2022-07-20T07:59:21+00:00\",\"dateModified\":\"2023-03-13T12:09:54+00:00\",\"breadcrumb\":{\"@id\":\"https:\/\/shop.bertsch-holzbau.eu\/ganama\/polityka-prywatnosci\/#breadcrumb\"},\"inLanguage\":\"pl-PL\",\"potentialAction\":[{\"@type\":\"ReadAction\",\"target\":[\"https:\/\/shop.bertsch-holzbau.eu\/ganama\/polityka-prywatnosci\/\"]}]},{\"@type\":\"BreadcrumbList\",\"@id\":\"https:\/\/shop.bertsch-holzbau.eu\/ganama\/polityka-prywatnosci\/#breadcrumb\",\"itemListElement\":[{\"@type\":\"ListItem\",\"position\":1,\"name\":\"Strona g\u0142\u00f3wna\",\"item\":\"https:\/\/shop.bertsch-holzbau.eu\/ganama\/\"},{\"@type\":\"ListItem\",\"position\":2,\"name\":\"Polityka prywatno\u015bci\"}]},{\"@type\":\"WebSite\",\"@id\":\"https:\/\/shop.bertsch-holzbau.eu\/ganama\/#website\",\"url\":\"https:\/\/shop.bertsch-holzbau.eu\/ganama\/\",\"name\":\"Zuluna - Ganama\",\"description\":\"Domy modu\u0142owe, domki z profili, ogrodowe, domy z bali\",\"publisher\":{\"@id\":\"https:\/\/shop.bertsch-holzbau.eu\/ganama\/#organization\"},\"potentialAction\":[{\"@type\":\"SearchAction\",\"target\":{\"@type\":\"EntryPoint\",\"urlTemplate\":\"https:\/\/shop.bertsch-holzbau.eu\/ganama\/?s={search_term_string}\"},\"query-input\":\"required name=search_term_string\"}],\"inLanguage\":\"pl-PL\"},{\"@type\":\"Organization\",\"@id\":\"https:\/\/shop.bertsch-holzbau.eu\/ganama\/#organization\",\"name\":\"Zuluna - Ganama\",\"url\":\"https:\/\/shop.bertsch-holzbau.eu\/ganama\/\",\"logo\":{\"@type\":\"ImageObject\",\"inLanguage\":\"pl-PL\",\"@id\":\"https:\/\/shop.bertsch-holzbau.eu\/ganama\/#\/schema\/logo\/image\/\",\"url\":\"https:\/\/shop.bertsch-holzbau.eu\/ganama\/wp-content\/uploads\/sites\/12\/2022\/07\/logo-pl.png\",\"contentUrl\":\"https:\/\/shop.bertsch-holzbau.eu\/ganama\/wp-content\/uploads\/sites\/12\/2022\/07\/logo-pl.png\",\"width\":2000,\"height\":482,\"caption\":\"Zuluna - Ganama\"},\"image\":{\"@id\":\"https:\/\/shop.bertsch-holzbau.eu\/ganama\/#\/schema\/logo\/image\/\"}}]}<\/script>\n<!-- \/ Yoast SEO plugin. -->","yoast_head_json":{"title":"RODO sklep internetowy \u2013 BHB Bertsch Holzbau","robots":{"index":"index","follow":"follow","max-snippet":"max-snippet:-1","max-image-preview":"max-image-preview:large","max-video-preview":"max-video-preview:-1"},"canonical":"https:\/\/shop.bertsch-holzbau.eu\/ganama\/polityka-prywatnosci\/","og_locale":"pl_PL","og_type":"article","og_title":"RODO sklep internetowy \u2013 BHB Bertsch Holzbau","og_description":"Niniejsza Polityka prywatno\u015bci okre\u015bla zasady przetwarzania i ochrony danych osobowych Klient\u00f3w korzystaj\u0105cych ze sklepu internetowego dost\u0119pnego pod adresem WWW.BERTSCH-HOLZBAU.EU 1.&nbsp;Administratorem pa\u0144stwa danych osobowych jest bhb bertsch holzbau sp. Z o.o. z siedzib\u0105 przy ul. Jana paw\u0142a ii 29, 33-300 nowy s\u0105cz, e-mail:&nbsp;rodo@bertsch-holzbau.eu 2. Pa\u0144stwa dane osobowe (imi\u0119, nazwisko, adres e-mail, telefon, nip, regon, firma, adres) [&hellip;]","og_url":"https:\/\/shop.bertsch-holzbau.eu\/ganama\/polityka-prywatnosci\/","og_site_name":"Zuluna - Ganama","article_modified_time":"2023-03-13T12:09:54+00:00","twitter_card":"summary_large_image","twitter_misc":{"Szacowany czas czytania":"3 minuty"},"schema":{"@context":"https:\/\/schema.org","@graph":[{"@type":"WebPage","@id":"https:\/\/shop.bertsch-holzbau.eu\/ganama\/polityka-prywatnosci\/","url":"https:\/\/shop.bertsch-holzbau.eu\/ganama\/polityka-prywatnosci\/","name":"RODO sklep internetowy \u2013 BHB Bertsch Holzbau","isPartOf":{"@id":"https:\/\/shop.bertsch-holzbau.eu\/ganama\/#website"},"datePublished":"2022-07-20T07:59:21+00:00","dateModified":"2023-03-13T12:09:54+00:00","breadcrumb":{"@id":"https:\/\/shop.bertsch-holzbau.eu\/ganama\/polityka-prywatnosci\/#breadcrumb"},"inLanguage":"pl-PL","potentialAction":[{"@type":"ReadAction","target":["https:\/\/shop.bertsch-holzbau.eu\/ganama\/polityka-prywatnosci\/"]}]},{"@type":"BreadcrumbList","@id":"https:\/\/shop.bertsch-holzbau.eu\/ganama\/polityka-prywatnosci\/#breadcrumb","itemListElement":[{"@type":"ListItem","position":1,"name":"Strona g\u0142\u00f3wna","item":"https:\/\/shop.bertsch-holzbau.eu\/ganama\/"},{"@type":"ListItem","position":2,"name":"Polityka prywatno\u015bci"}]},{"@type":"WebSite","@id":"https:\/\/shop.bertsch-holzbau.eu\/ganama\/#website","url":"https:\/\/shop.bertsch-holzbau.eu\/ganama\/","name":"Zuluna - Ganama","description":"Domy modu\u0142owe, domki z profili, ogrodowe, domy z bali","publisher":{"@id":"https:\/\/shop.bertsch-holzbau.eu\/ganama\/#organization"},"potentialAction":[{"@type":"SearchAction","target":{"@type":"EntryPoint","urlTemplate":"https:\/\/shop.bertsch-holzbau.eu\/ganama\/?s={search_term_string}"},"query-input":"required name=search_term_string"}],"inLanguage":"pl-PL"},{"@type":"Organization","@id":"https:\/\/shop.bertsch-holzbau.eu\/ganama\/#organization","name":"Zuluna - Ganama","url":"https:\/\/shop.bertsch-holzbau.eu\/ganama\/","logo":{"@type":"ImageObject","inLanguage":"pl-PL","@id":"https:\/\/shop.bertsch-holzbau.eu\/ganama\/#\/schema\/logo\/image\/","url":"https:\/\/shop.bertsch-holzbau.eu\/ganama\/wp-content\/uploads\/sites\/12\/2022\/07\/logo-pl.png","contentUrl":"https:\/\/shop.bertsch-holzbau.eu\/ganama\/wp-content\/uploads\/sites\/12\/2022\/07\/logo-pl.png","width":2000,"height":482,"caption":"Zuluna - Ganama"},"image":{"@id":"https:\/\/shop.bertsch-holzbau.eu\/ganama\/#\/schema\/logo\/image\/"}}]}},"_links":{"self":[{"href":"https:\/\/shop.bertsch-holzbau.eu\/ganama\/wp-json\/wp\/v2\/pages\/3"}],"collection":[{"href":"https:\/\/shop.bertsch-holzbau.eu\/ganama\/wp-json\/wp\/v2\/pages"}],"about":[{"href":"https:\/\/shop.bertsch-holzbau.eu\/ganama\/wp-json\/wp\/v2\/types\/page"}],"author":[{"embeddable":true,"href":"https:\/\/shop.bertsch-holzbau.eu\/ganama\/wp-json\/wp\/v2\/users\/1"}],"replies":[{"embeddable":true,"href":"https:\/\/shop.bertsch-holzbau.eu\/ganama\/wp-json\/wp\/v2\/comments?post=3"}],"version-history":[{"count":5,"href":"https:\/\/shop.bertsch-holzbau.eu\/ganama\/wp-json\/wp\/v2\/pages\/3\/revisions"}],"predecessor-version":[{"id":18123,"href":"https:\/\/shop.bertsch-holzbau.eu\/ganama\/wp-json\/wp\/v2\/pages\/3\/revisions\/18123"}],"wp:attachment":[{"href":"https:\/\/shop.bertsch-holzbau.eu\/ganama\/wp-json\/wp\/v2\/media?parent=3"}],"curies":[{"name":"wp","href":"https:\/\/api.w.org\/{rel}","templated":true}]}}