{"id":16840,"date":"2023-02-23T12:04:31","date_gmt":"2023-02-23T11:04:31","guid":{"rendered":"http:\/\/shop.bertsch-holzbau.eu\/herkommer\/?page_id=16840"},"modified":"2023-02-23T12:05:36","modified_gmt":"2023-02-23T11:05:36","slug":"dane-firmy","status":"publish","type":"page","link":"https:\/\/shop.bertsch-holzbau.eu\/herkommer\/dane-firmy\/","title":{"rendered":"Dane firmy"},"content":{"rendered":"\n<h2 class=\"wp-block-heading\">Dane zgodnie z \u00a7 5 TMG<\/h2>\n\n\n\n<p>BHB Bertsch Holzbau Sp. z o. o.<br>Jana Paw\u0142a II 29<br>33-300 Nowy S\u0105cz<\/p>\n\n\n\n<p>Reprezentowana przez:<br>Joachim Bertsch<\/p>\n\n\n\n<h2 class=\"wp-block-heading\">Kontakt<\/h2>\n\n\n\n<p>Telefon: +48 18 444 41 70<br>Telefax: +48 18 442 97 92<br>E-Mail: <a href=\"mailto:info@bertsch-holzbau.eu\">info@bertsch-holzbau.eu<\/a><\/p>\n\n\n\n<h2 class=\"wp-block-heading\">Numer podatnika&nbsp;<\/h2>\n\n\n\n<p>Numer podatnika zgodnie z&nbsp; \u00a727:<br>PL7342834114<\/p>\n\n\n\n<h3 class=\"wp-block-heading\">ROZSTRZYGANIA SPOR\u00d3W<\/h3>\n\n\n\n<p>Komisja Europejska zapewnia platform\u0119 internetowego rozstrzygania spor\u00f3w (OS): https:\/\/ec.europa.eu\/consumers\/odr.<br>Nasz adres e-mail mo\u017cna znale\u017a\u0107 powy\u017cej w stopce redakcyjnej.<\/p>\n\n\n\n<p>Nie chcemy ani nie jeste\u015bmy zobowi\u0105zani do udzia\u0142u w post\u0119powaniu rozstrzygania spor\u00f3w przed konsumenckim organem arbitra\u017cowym.<\/p>\n\n\n\n<h3 class=\"wp-block-heading\">ODPOWIEDZIALNO\u015a\u0106 ZA TRE\u015a\u0106<\/h3>\n\n\n\n<p>Jako us\u0142ugodawca jeste\u015bmy odpowiedzialni zgodnie z \u00a7 7 Abs.1 TMG za nasze w\u0142asne tre\u015bci na tych stronach zgodnie z og\u00f3lnymi przepisami prawa. Zgodnie z \u00a7\u00a7 8 do 10 TMG jako us\u0142ugodawca nie jeste\u015bmy jednak zobowi\u0105zani do monitorowania przekazywanych lub przechowywanych informacji os\u00f3b trzecich ani do badania okoliczno\u015bci wskazuj\u0105cych na nielegaln\u0105 dzia\u0142alno\u015b\u0107..<\/p>\n\n\n\n<p>Jako us\u0142ugodawca jeste\u015bmy odpowiedzialni zgodnie z \u00a7 7 Abs.1 TMG za nasze w\u0142asne tre\u015bci na tych stronach zgodnie z og\u00f3lnymi przepisami prawa. Zgodnie z \u00a7\u00a7 8 do 10 TMG jako us\u0142ugodawca nie jeste\u015bmy jednak zobowi\u0105zani do monitorowania przekazywanych lub przechowywanych informacji os\u00f3b trzecich ani do badania okoliczno\u015bci wskazuj\u0105cych na nielegaln\u0105 dzia\u0142alno\u015b\u0107..<\/p>\n\n\n\n<h3 class=\"wp-block-heading\">ODPOWIEDZIALNO\u015a\u0106 ZA LINKI<\/h3>\n\n\n\n<p>Nasza oferta zawiera linki do zewn\u0119trznych stron internetowych os\u00f3b trzecich, na kt\u00f3rych tre\u015b\u0107 nie mamy wp\u0142ywu. W zwi\u0105zku z tym nie mo\u017cemy ponosi\u0107 \u017cadnej odpowiedzialno\u015bci za te tre\u015bci stron trzecich. Odpowiedni dostawca lub operator stron jest zawsze odpowiedzialny za zawarto\u015b\u0107 stron, do kt\u00f3rych prowadz\u0105 linki. Powi\u0105zane strony zosta\u0142y sprawdzone pod k\u0105tem mo\u017cliwych narusze\u0144 prawa w momencie linkowania. Nielegalne tre\u015bci nie by\u0142y rozpoznawalne w momencie linkowania.<\/p>\n\n\n\n<p>Jednak sta\u0142a kontrola tre\u015bci stron, do kt\u00f3rych prowadz\u0105 linki, nie jest uzasadniona bez konkretnych dowod\u00f3w naruszenia prawa. Po uzyskaniu dowiedzenia si\u0119 o naruszeniach prawa natychmiast usuniemy takie linki.<\/p>\n\n\n\n<h3 class=\"wp-block-heading\">PRAWO AUTORSKIE<\/h3>\n\n\n\n<p>Tre\u015bci i prace stworzone przez operator\u00f3w witryn na tych stronach podlegaj\u0105 niemieckiemu prawu autorskiemu. Powielanie, przetwarzanie, rozpowszechnianie i wszelkiego rodzaju wykorzystywanie poza granicami praw autorskich wymaga pisemnej zgody danego autora lub tw\u00f3rcy. Pobieranie i kopiowanie tej strony jest dozwolone wy\u0142\u0105cznie do prywatnego, niekomercyjnego u\u017cytku.<\/p>\n\n\n\n<p>O ile zawarto\u015b\u0107 tej strony nie zosta\u0142a stworzona przez operatora, przestrzegane s\u0105 prawa autorskie os\u00f3b trzecich. W szczeg\u00f3lno\u015bci tre\u015bci os\u00f3b trzecich s\u0105 oznaczone jako takie. Je\u015bli mimo to dowiesz si\u0119 o naruszeniu praw autorskich, prosimy o odpowiednie powiadomienie. Po uzyskaniu dowiedzenia si\u0119 o naruszeniach prawa natychmiast usuniemy takie tre\u015bci.<\/p>\n","protected":false},"excerpt":{"rendered":"<p>Dane zgodnie z \u00a7 5 TMG BHB Bertsch Holzbau Sp. z o. o.Jana Paw\u0142a II 2933-300 Nowy S\u0105cz Reprezentowana przez:Joachim Bertsch Kontakt Telefon: +48 18 444 41 70Telefax: +48 18 442 97 92E-Mail: info@bertsch-holzbau.eu Numer podatnika&nbsp; Numer podatnika zgodnie z&nbsp; \u00a727:PL7342834114 ROZSTRZYGANIA SPOR\u00d3W Komisja Europejska zapewnia platform\u0119 internetowego rozstrzygania spor\u00f3w (OS): https:\/\/ec.europa.eu\/consumers\/odr.Nasz adres e-mail mo\u017cna [&hellip;]<\/p>\n","protected":false},"author":1,"featured_media":0,"parent":0,"menu_order":0,"comment_status":"closed","ping_status":"closed","template":"","meta":{"footnotes":""},"yoast_head":"<!-- This site is optimized with the Yoast SEO plugin v22.5 - https:\/\/yoast.com\/wordpress\/plugins\/seo\/ -->\n<title>Dane firmy - Herkommer<\/title>\n<meta name=\"robots\" content=\"index, follow, max-snippet:-1, max-image-preview:large, max-video-preview:-1\" \/>\n<link rel=\"canonical\" href=\"https:\/\/shop.bertsch-holzbau.eu\/herkommer\/dane-firmy\/\" \/>\n<meta property=\"og:locale\" content=\"pl_PL\" \/>\n<meta property=\"og:type\" content=\"article\" \/>\n<meta property=\"og:title\" content=\"Dane firmy - Herkommer\" \/>\n<meta property=\"og:description\" content=\"Dane zgodnie z \u00a7 5 TMG BHB Bertsch Holzbau Sp. z o. o.Jana Paw\u0142a II 2933-300 Nowy S\u0105cz Reprezentowana przez:Joachim Bertsch Kontakt Telefon: +48 18 444 41 70Telefax: +48 18 442 97 92E-Mail: info@bertsch-holzbau.eu Numer podatnika&nbsp; Numer podatnika zgodnie z&nbsp; \u00a727:PL7342834114 ROZSTRZYGANIA SPOR\u00d3W Komisja Europejska zapewnia platform\u0119 internetowego rozstrzygania spor\u00f3w (OS): https:\/\/ec.europa.eu\/consumers\/odr.Nasz adres e-mail mo\u017cna [&hellip;]\" \/>\n<meta property=\"og:url\" content=\"https:\/\/shop.bertsch-holzbau.eu\/herkommer\/dane-firmy\/\" \/>\n<meta property=\"og:site_name\" content=\"Herkommer\" \/>\n<meta property=\"article:modified_time\" content=\"2023-02-23T11:05:36+00:00\" \/>\n<meta name=\"twitter:card\" content=\"summary_large_image\" \/>\n<meta name=\"twitter:label1\" content=\"Szacowany czas czytania\" \/>\n\t<meta name=\"twitter:data1\" content=\"2 minuty\" \/>\n<script type=\"application\/ld+json\" class=\"yoast-schema-graph\">{\"@context\":\"https:\/\/schema.org\",\"@graph\":[{\"@type\":\"WebPage\",\"@id\":\"https:\/\/shop.bertsch-holzbau.eu\/herkommer\/dane-firmy\/\",\"url\":\"https:\/\/shop.bertsch-holzbau.eu\/herkommer\/dane-firmy\/\",\"name\":\"Dane firmy - Herkommer\",\"isPartOf\":{\"@id\":\"https:\/\/shop.bertsch-holzbau.eu\/herkommer\/#website\"},\"datePublished\":\"2023-02-23T11:04:31+00:00\",\"dateModified\":\"2023-02-23T11:05:36+00:00\",\"breadcrumb\":{\"@id\":\"https:\/\/shop.bertsch-holzbau.eu\/herkommer\/dane-firmy\/#breadcrumb\"},\"inLanguage\":\"pl-PL\",\"potentialAction\":[{\"@type\":\"ReadAction\",\"target\":[\"https:\/\/shop.bertsch-holzbau.eu\/herkommer\/dane-firmy\/\"]}]},{\"@type\":\"BreadcrumbList\",\"@id\":\"https:\/\/shop.bertsch-holzbau.eu\/herkommer\/dane-firmy\/#breadcrumb\",\"itemListElement\":[{\"@type\":\"ListItem\",\"position\":1,\"name\":\"Strona g\u0142\u00f3wna\",\"item\":\"https:\/\/shop.bertsch-holzbau.eu\/herkommer\/\"},{\"@type\":\"ListItem\",\"position\":2,\"name\":\"Dane firmy\"}]},{\"@type\":\"WebSite\",\"@id\":\"https:\/\/shop.bertsch-holzbau.eu\/herkommer\/#website\",\"url\":\"https:\/\/shop.bertsch-holzbau.eu\/herkommer\/\",\"name\":\"Herkommer\",\"description\":\"Domy modu\u0142owe, domki z profili, ogrodowe, domy z bali\",\"publisher\":{\"@id\":\"https:\/\/shop.bertsch-holzbau.eu\/herkommer\/#organization\"},\"potentialAction\":[{\"@type\":\"SearchAction\",\"target\":{\"@type\":\"EntryPoint\",\"urlTemplate\":\"https:\/\/shop.bertsch-holzbau.eu\/herkommer\/?s={search_term_string}\"},\"query-input\":\"required name=search_term_string\"}],\"inLanguage\":\"pl-PL\"},{\"@type\":\"Organization\",\"@id\":\"https:\/\/shop.bertsch-holzbau.eu\/herkommer\/#organization\",\"name\":\"Herkommer\",\"url\":\"https:\/\/shop.bertsch-holzbau.eu\/herkommer\/\",\"logo\":{\"@type\":\"ImageObject\",\"inLanguage\":\"pl-PL\",\"@id\":\"https:\/\/shop.bertsch-holzbau.eu\/herkommer\/#\/schema\/logo\/image\/\",\"url\":\"https:\/\/shop.bertsch-holzbau.eu\/herkommer\/wp-content\/uploads\/sites\/36\/2022\/07\/logo-pl.png\",\"contentUrl\":\"https:\/\/shop.bertsch-holzbau.eu\/herkommer\/wp-content\/uploads\/sites\/36\/2022\/07\/logo-pl.png\",\"width\":2000,\"height\":482,\"caption\":\"Herkommer\"},\"image\":{\"@id\":\"https:\/\/shop.bertsch-holzbau.eu\/herkommer\/#\/schema\/logo\/image\/\"}}]}<\/script>\n<!-- \/ Yoast SEO plugin. -->","yoast_head_json":{"title":"Dane firmy - Herkommer","robots":{"index":"index","follow":"follow","max-snippet":"max-snippet:-1","max-image-preview":"max-image-preview:large","max-video-preview":"max-video-preview:-1"},"canonical":"https:\/\/shop.bertsch-holzbau.eu\/herkommer\/dane-firmy\/","og_locale":"pl_PL","og_type":"article","og_title":"Dane firmy - Herkommer","og_description":"Dane zgodnie z \u00a7 5 TMG BHB Bertsch Holzbau Sp. z o. o.Jana Paw\u0142a II 2933-300 Nowy S\u0105cz Reprezentowana przez:Joachim Bertsch Kontakt Telefon: +48 18 444 41 70Telefax: +48 18 442 97 92E-Mail: info@bertsch-holzbau.eu Numer podatnika&nbsp; Numer podatnika zgodnie z&nbsp; \u00a727:PL7342834114 ROZSTRZYGANIA SPOR\u00d3W Komisja Europejska zapewnia platform\u0119 internetowego rozstrzygania spor\u00f3w (OS): https:\/\/ec.europa.eu\/consumers\/odr.Nasz adres e-mail mo\u017cna [&hellip;]","og_url":"https:\/\/shop.bertsch-holzbau.eu\/herkommer\/dane-firmy\/","og_site_name":"Herkommer","article_modified_time":"2023-02-23T11:05:36+00:00","twitter_card":"summary_large_image","twitter_misc":{"Szacowany czas czytania":"2 minuty"},"schema":{"@context":"https:\/\/schema.org","@graph":[{"@type":"WebPage","@id":"https:\/\/shop.bertsch-holzbau.eu\/herkommer\/dane-firmy\/","url":"https:\/\/shop.bertsch-holzbau.eu\/herkommer\/dane-firmy\/","name":"Dane firmy - Herkommer","isPartOf":{"@id":"https:\/\/shop.bertsch-holzbau.eu\/herkommer\/#website"},"datePublished":"2023-02-23T11:04:31+00:00","dateModified":"2023-02-23T11:05:36+00:00","breadcrumb":{"@id":"https:\/\/shop.bertsch-holzbau.eu\/herkommer\/dane-firmy\/#breadcrumb"},"inLanguage":"pl-PL","potentialAction":[{"@type":"ReadAction","target":["https:\/\/shop.bertsch-holzbau.eu\/herkommer\/dane-firmy\/"]}]},{"@type":"BreadcrumbList","@id":"https:\/\/shop.bertsch-holzbau.eu\/herkommer\/dane-firmy\/#breadcrumb","itemListElement":[{"@type":"ListItem","position":1,"name":"Strona g\u0142\u00f3wna","item":"https:\/\/shop.bertsch-holzbau.eu\/herkommer\/"},{"@type":"ListItem","position":2,"name":"Dane firmy"}]},{"@type":"WebSite","@id":"https:\/\/shop.bertsch-holzbau.eu\/herkommer\/#website","url":"https:\/\/shop.bertsch-holzbau.eu\/herkommer\/","name":"Herkommer","description":"Domy modu\u0142owe, domki z profili, ogrodowe, domy z bali","publisher":{"@id":"https:\/\/shop.bertsch-holzbau.eu\/herkommer\/#organization"},"potentialAction":[{"@type":"SearchAction","target":{"@type":"EntryPoint","urlTemplate":"https:\/\/shop.bertsch-holzbau.eu\/herkommer\/?s={search_term_string}"},"query-input":"required name=search_term_string"}],"inLanguage":"pl-PL"},{"@type":"Organization","@id":"https:\/\/shop.bertsch-holzbau.eu\/herkommer\/#organization","name":"Herkommer","url":"https:\/\/shop.bertsch-holzbau.eu\/herkommer\/","logo":{"@type":"ImageObject","inLanguage":"pl-PL","@id":"https:\/\/shop.bertsch-holzbau.eu\/herkommer\/#\/schema\/logo\/image\/","url":"https:\/\/shop.bertsch-holzbau.eu\/herkommer\/wp-content\/uploads\/sites\/36\/2022\/07\/logo-pl.png","contentUrl":"https:\/\/shop.bertsch-holzbau.eu\/herkommer\/wp-content\/uploads\/sites\/36\/2022\/07\/logo-pl.png","width":2000,"height":482,"caption":"Herkommer"},"image":{"@id":"https:\/\/shop.bertsch-holzbau.eu\/herkommer\/#\/schema\/logo\/image\/"}}]}},"_links":{"self":[{"href":"https:\/\/shop.bertsch-holzbau.eu\/herkommer\/wp-json\/wp\/v2\/pages\/16840"}],"collection":[{"href":"https:\/\/shop.bertsch-holzbau.eu\/herkommer\/wp-json\/wp\/v2\/pages"}],"about":[{"href":"https:\/\/shop.bertsch-holzbau.eu\/herkommer\/wp-json\/wp\/v2\/types\/page"}],"author":[{"embeddable":true,"href":"https:\/\/shop.bertsch-holzbau.eu\/herkommer\/wp-json\/wp\/v2\/users\/1"}],"replies":[{"embeddable":true,"href":"https:\/\/shop.bertsch-holzbau.eu\/herkommer\/wp-json\/wp\/v2\/comments?post=16840"}],"version-history":[{"count":2,"href":"https:\/\/shop.bertsch-holzbau.eu\/herkommer\/wp-json\/wp\/v2\/pages\/16840\/revisions"}],"predecessor-version":[{"id":16845,"href":"https:\/\/shop.bertsch-holzbau.eu\/herkommer\/wp-json\/wp\/v2\/pages\/16840\/revisions\/16845"}],"wp:attachment":[{"href":"https:\/\/shop.bertsch-holzbau.eu\/herkommer\/wp-json\/wp\/v2\/media?parent=16840"}],"curies":[{"name":"wp","href":"https:\/\/api.w.org\/{rel}","templated":true}]}}