{"id":15499,"date":"2022-08-22T14:15:09","date_gmt":"2022-08-22T12:15:09","guid":{"rendered":"http:\/\/shop.bertsch-holzbau.eu\/holzwalter\/?post_type=product&#038;p=15499"},"modified":"2025-05-27T11:16:15","modified_gmt":"2025-05-27T09:16:15","slug":"h28-3020p-dt","status":"publish","type":"product","link":"https:\/\/shop.bertsch-holzbau.eu\/holzwalter\/produkt\/h28-3020p-dt\/","title":{"rendered":"H28-3020P-DT"},"content":{"rendered":"<table class=\"alt\">\n<tbody>\n<tr>\n<td>Typ Systemu<\/td>\n<td>Zuluna \/\u00a0Domy z Bali<\/td>\n<\/tr>\n<tr>\n<td>Kszta\u0142t dachu<\/td>\n<td>Dach Jednospadowy<\/td>\n<\/tr>\n<tr>\n<td>Grubo\u015b\u0107<\/td>\n<td>28 mm<\/td>\n<\/tr>\n<tr>\n<td>Wymiary \u015bciany (Sz\/D)<\/td>\n<td>300 x 200 cm<\/td>\n<\/tr>\n<tr>\n<td>Wysoko\u015b\u0107 \u015bciany \/ Prz\u00f3d<\/td>\n<td>234 cm<\/td>\n<\/tr>\n<tr>\n<td>Wysoko\u015b\u0107 \u015bciany \/ Ty\u0142<\/td>\n<td>201 cm<\/td>\n<\/tr>\n<tr>\n<td>Powierzchnia dachu<\/td>\n<td>9,4 m\u00b2<\/td>\n<\/tr>\n<tr>\n<td>Wypust dachu dooko\u0142a<\/td>\n<td>30 cm<\/td>\n<\/tr>\n<tr>\n<td>K\u0105t dachu<\/td>\n<td>10 \u00b0<\/td>\n<\/tr>\n<tr>\n<td>Drzwi<\/td>\n<td>DT 150 x 184 cm<\/td>\n<\/tr>\n<tr>\n<td>Opcjonalne Akcesoria<\/td>\n<td>\n<ul class=\"accessories\">\n<li>Pod\u0142oga \/ Rama fundamentowa: FR28-3020<\/li>\n<\/ul>\n<ul class=\"accessories\">\n<li>1 x Rynna: 202B<\/li>\n<\/ul>\n<ul class=\"accessories\">\n<li>4 x Gont Prostok\u0105tny<\/li>\n<li>4 x Gont \u0141uska<\/li>\n<\/ul>\n<\/td>\n<\/tr>\n<tr>\n<td>ID Obiektu<\/td>\n<td>90<\/td>\n<\/tr>\n<tr>\n<td>Warianty ID Obiektu<\/td>\n<td>91\u00a0\u00a092<\/td>\n<\/tr>\n<\/tbody>\n<\/table>\n","protected":false},"excerpt":{"rendered":"<p>Typ Systemu Zuluna \/\u00a0Domy z Bali Kszta\u0142t dachu Dach Jednospadowy Grubo\u015b\u0107 28 mm Wymiary \u015bciany (Sz\/D) 300 x 200 cm Wysoko\u015b\u0107 \u015bciany \/ Prz\u00f3d 234 cm Wysoko\u015b\u0107 \u015bciany \/ Ty\u0142 201 cm Powierzchnia dachu 9,4 m\u00b2 Wypust dachu dooko\u0142a 30 cm K\u0105t dachu 10 \u00b0 Drzwi DT 150 x 184 cm Opcjonalne Akcesoria Pod\u0142oga \/ [&hellip;]<\/p>\n","protected":false},"featured_media":38072,"template":"","meta":[],"product_cat":[220,195],"product_tag":[],"yoast_head":"<!-- This site is optimized with the Yoast SEO plugin v22.5 - https:\/\/yoast.com\/wordpress\/plugins\/seo\/ -->\n<title>H28-3020P-DT - Holz Walter<\/title>\n<meta name=\"robots\" content=\"index, follow, max-snippet:-1, max-image-preview:large, max-video-preview:-1\" \/>\n<link rel=\"canonical\" href=\"https:\/\/shop.bertsch-holzbau.eu\/holzwalter\/produkt\/h28-3020p-dt\/\" \/>\n<meta property=\"og:locale\" content=\"pl_PL\" \/>\n<meta property=\"og:type\" content=\"article\" \/>\n<meta property=\"og:title\" content=\"H28-3020P-DT - Holz Walter\" \/>\n<meta property=\"og:description\" content=\"Typ Systemu Zuluna \/\u00a0Domy z Bali Kszta\u0142t dachu Dach Jednospadowy Grubo\u015b\u0107 28 mm Wymiary \u015bciany (Sz\/D) 300 x 200 cm Wysoko\u015b\u0107 \u015bciany \/ Prz\u00f3d 234 cm Wysoko\u015b\u0107 \u015bciany \/ Ty\u0142 201 cm Powierzchnia dachu 9,4 m\u00b2 Wypust dachu dooko\u0142a 30 cm K\u0105t dachu 10 \u00b0 Drzwi DT 150 x 184 cm Opcjonalne Akcesoria Pod\u0142oga \/ [&hellip;]\" \/>\n<meta property=\"og:url\" content=\"https:\/\/shop.bertsch-holzbau.eu\/holzwalter\/produkt\/h28-3020p-dt\/\" \/>\n<meta property=\"og:site_name\" content=\"Holz Walter\" \/>\n<meta property=\"article:modified_time\" content=\"2025-05-27T09:16:15+00:00\" \/>\n<meta property=\"og:image\" content=\"https:\/\/shop.bertsch-holzbau.eu\/holzwalter\/wp-content\/uploads\/sites\/30\/2022\/08\/H28-3020P-DT_ID90.webp\" \/>\n\t<meta property=\"og:image:width\" content=\"1920\" \/>\n\t<meta property=\"og:image:height\" content=\"1080\" \/>\n\t<meta property=\"og:image:type\" content=\"image\/webp\" \/>\n<meta name=\"twitter:card\" content=\"summary_large_image\" \/>\n<meta name=\"twitter:label1\" content=\"Szacowany czas czytania\" \/>\n\t<meta name=\"twitter:data1\" content=\"1 minuta\" \/>\n<script type=\"application\/ld+json\" class=\"yoast-schema-graph\">{\"@context\":\"https:\/\/schema.org\",\"@graph\":[{\"@type\":\"WebPage\",\"@id\":\"https:\/\/shop.bertsch-holzbau.eu\/holzwalter\/produkt\/h28-3020p-dt\/\",\"url\":\"https:\/\/shop.bertsch-holzbau.eu\/holzwalter\/produkt\/h28-3020p-dt\/\",\"name\":\"H28-3020P-DT - Holz Walter\",\"isPartOf\":{\"@id\":\"https:\/\/shop.bertsch-holzbau.eu\/holzwalter\/#website\"},\"primaryImageOfPage\":{\"@id\":\"https:\/\/shop.bertsch-holzbau.eu\/holzwalter\/produkt\/h28-3020p-dt\/#primaryimage\"},\"image\":{\"@id\":\"https:\/\/shop.bertsch-holzbau.eu\/holzwalter\/produkt\/h28-3020p-dt\/#primaryimage\"},\"thumbnailUrl\":\"https:\/\/shop.bertsch-holzbau.eu\/holzwalter\/wp-content\/uploads\/sites\/30\/2022\/08\/H28-3020P-DT_ID90.webp\",\"datePublished\":\"2022-08-22T12:15:09+00:00\",\"dateModified\":\"2025-05-27T09:16:15+00:00\",\"breadcrumb\":{\"@id\":\"https:\/\/shop.bertsch-holzbau.eu\/holzwalter\/produkt\/h28-3020p-dt\/#breadcrumb\"},\"inLanguage\":\"pl-PL\",\"potentialAction\":[{\"@type\":\"ReadAction\",\"target\":[\"https:\/\/shop.bertsch-holzbau.eu\/holzwalter\/produkt\/h28-3020p-dt\/\"]}]},{\"@type\":\"ImageObject\",\"inLanguage\":\"pl-PL\",\"@id\":\"https:\/\/shop.bertsch-holzbau.eu\/holzwalter\/produkt\/h28-3020p-dt\/#primaryimage\",\"url\":\"https:\/\/shop.bertsch-holzbau.eu\/holzwalter\/wp-content\/uploads\/sites\/30\/2022\/08\/H28-3020P-DT_ID90.webp\",\"contentUrl\":\"https:\/\/shop.bertsch-holzbau.eu\/holzwalter\/wp-content\/uploads\/sites\/30\/2022\/08\/H28-3020P-DT_ID90.webp\",\"width\":1920,\"height\":1080},{\"@type\":\"BreadcrumbList\",\"@id\":\"https:\/\/shop.bertsch-holzbau.eu\/holzwalter\/produkt\/h28-3020p-dt\/#breadcrumb\",\"itemListElement\":[{\"@type\":\"ListItem\",\"position\":1,\"name\":\"Strona g\u0142\u00f3wna\",\"item\":\"https:\/\/shop.bertsch-holzbau.eu\/holzwalter\/\"},{\"@type\":\"ListItem\",\"position\":2,\"name\":\"Sklep\",\"item\":\"https:\/\/shop.bertsch-holzbau.eu\/holzwalter\/sklep\/\"},{\"@type\":\"ListItem\",\"position\":3,\"name\":\"H28-3020P-DT\"}]},{\"@type\":\"WebSite\",\"@id\":\"https:\/\/shop.bertsch-holzbau.eu\/holzwalter\/#website\",\"url\":\"https:\/\/shop.bertsch-holzbau.eu\/holzwalter\/\",\"name\":\"Holz Walter\",\"description\":\"Domy modu\u0142owe, domki z profili, ogrodowe, domy z bali\",\"publisher\":{\"@id\":\"https:\/\/shop.bertsch-holzbau.eu\/holzwalter\/#organization\"},\"potentialAction\":[{\"@type\":\"SearchAction\",\"target\":{\"@type\":\"EntryPoint\",\"urlTemplate\":\"https:\/\/shop.bertsch-holzbau.eu\/holzwalter\/?s={search_term_string}\"},\"query-input\":\"required name=search_term_string\"}],\"inLanguage\":\"pl-PL\"},{\"@type\":\"Organization\",\"@id\":\"https:\/\/shop.bertsch-holzbau.eu\/holzwalter\/#organization\",\"name\":\"Holz Walter\",\"url\":\"https:\/\/shop.bertsch-holzbau.eu\/holzwalter\/\",\"logo\":{\"@type\":\"ImageObject\",\"inLanguage\":\"pl-PL\",\"@id\":\"https:\/\/shop.bertsch-holzbau.eu\/holzwalter\/#\/schema\/logo\/image\/\",\"url\":\"https:\/\/shop.bertsch-holzbau.eu\/holzwalter\/wp-content\/uploads\/sites\/30\/2022\/07\/logo-pl.png\",\"contentUrl\":\"https:\/\/shop.bertsch-holzbau.eu\/holzwalter\/wp-content\/uploads\/sites\/30\/2022\/07\/logo-pl.png\",\"width\":2000,\"height\":482,\"caption\":\"Holz Walter\"},\"image\":{\"@id\":\"https:\/\/shop.bertsch-holzbau.eu\/holzwalter\/#\/schema\/logo\/image\/\"}}]}<\/script>\n<!-- \/ Yoast SEO plugin. -->","yoast_head_json":{"title":"H28-3020P-DT - Holz Walter","robots":{"index":"index","follow":"follow","max-snippet":"max-snippet:-1","max-image-preview":"max-image-preview:large","max-video-preview":"max-video-preview:-1"},"canonical":"https:\/\/shop.bertsch-holzbau.eu\/holzwalter\/produkt\/h28-3020p-dt\/","og_locale":"pl_PL","og_type":"article","og_title":"H28-3020P-DT - Holz Walter","og_description":"Typ Systemu Zuluna \/\u00a0Domy z Bali Kszta\u0142t dachu Dach Jednospadowy Grubo\u015b\u0107 28 mm Wymiary \u015bciany (Sz\/D) 300 x 200 cm Wysoko\u015b\u0107 \u015bciany \/ Prz\u00f3d 234 cm Wysoko\u015b\u0107 \u015bciany \/ Ty\u0142 201 cm Powierzchnia dachu 9,4 m\u00b2 Wypust dachu dooko\u0142a 30 cm K\u0105t dachu 10 \u00b0 Drzwi DT 150 x 184 cm Opcjonalne Akcesoria Pod\u0142oga \/ [&hellip;]","og_url":"https:\/\/shop.bertsch-holzbau.eu\/holzwalter\/produkt\/h28-3020p-dt\/","og_site_name":"Holz Walter","article_modified_time":"2025-05-27T09:16:15+00:00","og_image":[{"width":1920,"height":1080,"url":"https:\/\/shop.bertsch-holzbau.eu\/holzwalter\/wp-content\/uploads\/sites\/30\/2022\/08\/H28-3020P-DT_ID90.webp","type":"image\/webp"}],"twitter_card":"summary_large_image","twitter_misc":{"Szacowany czas czytania":"1 minuta"},"schema":{"@context":"https:\/\/schema.org","@graph":[{"@type":"WebPage","@id":"https:\/\/shop.bertsch-holzbau.eu\/holzwalter\/produkt\/h28-3020p-dt\/","url":"https:\/\/shop.bertsch-holzbau.eu\/holzwalter\/produkt\/h28-3020p-dt\/","name":"H28-3020P-DT - Holz Walter","isPartOf":{"@id":"https:\/\/shop.bertsch-holzbau.eu\/holzwalter\/#website"},"primaryImageOfPage":{"@id":"https:\/\/shop.bertsch-holzbau.eu\/holzwalter\/produkt\/h28-3020p-dt\/#primaryimage"},"image":{"@id":"https:\/\/shop.bertsch-holzbau.eu\/holzwalter\/produkt\/h28-3020p-dt\/#primaryimage"},"thumbnailUrl":"https:\/\/shop.bertsch-holzbau.eu\/holzwalter\/wp-content\/uploads\/sites\/30\/2022\/08\/H28-3020P-DT_ID90.webp","datePublished":"2022-08-22T12:15:09+00:00","dateModified":"2025-05-27T09:16:15+00:00","breadcrumb":{"@id":"https:\/\/shop.bertsch-holzbau.eu\/holzwalter\/produkt\/h28-3020p-dt\/#breadcrumb"},"inLanguage":"pl-PL","potentialAction":[{"@type":"ReadAction","target":["https:\/\/shop.bertsch-holzbau.eu\/holzwalter\/produkt\/h28-3020p-dt\/"]}]},{"@type":"ImageObject","inLanguage":"pl-PL","@id":"https:\/\/shop.bertsch-holzbau.eu\/holzwalter\/produkt\/h28-3020p-dt\/#primaryimage","url":"https:\/\/shop.bertsch-holzbau.eu\/holzwalter\/wp-content\/uploads\/sites\/30\/2022\/08\/H28-3020P-DT_ID90.webp","contentUrl":"https:\/\/shop.bertsch-holzbau.eu\/holzwalter\/wp-content\/uploads\/sites\/30\/2022\/08\/H28-3020P-DT_ID90.webp","width":1920,"height":1080},{"@type":"BreadcrumbList","@id":"https:\/\/shop.bertsch-holzbau.eu\/holzwalter\/produkt\/h28-3020p-dt\/#breadcrumb","itemListElement":[{"@type":"ListItem","position":1,"name":"Strona g\u0142\u00f3wna","item":"https:\/\/shop.bertsch-holzbau.eu\/holzwalter\/"},{"@type":"ListItem","position":2,"name":"Sklep","item":"https:\/\/shop.bertsch-holzbau.eu\/holzwalter\/sklep\/"},{"@type":"ListItem","position":3,"name":"H28-3020P-DT"}]},{"@type":"WebSite","@id":"https:\/\/shop.bertsch-holzbau.eu\/holzwalter\/#website","url":"https:\/\/shop.bertsch-holzbau.eu\/holzwalter\/","name":"Holz Walter","description":"Domy modu\u0142owe, domki z profili, ogrodowe, domy z bali","publisher":{"@id":"https:\/\/shop.bertsch-holzbau.eu\/holzwalter\/#organization"},"potentialAction":[{"@type":"SearchAction","target":{"@type":"EntryPoint","urlTemplate":"https:\/\/shop.bertsch-holzbau.eu\/holzwalter\/?s={search_term_string}"},"query-input":"required name=search_term_string"}],"inLanguage":"pl-PL"},{"@type":"Organization","@id":"https:\/\/shop.bertsch-holzbau.eu\/holzwalter\/#organization","name":"Holz Walter","url":"https:\/\/shop.bertsch-holzbau.eu\/holzwalter\/","logo":{"@type":"ImageObject","inLanguage":"pl-PL","@id":"https:\/\/shop.bertsch-holzbau.eu\/holzwalter\/#\/schema\/logo\/image\/","url":"https:\/\/shop.bertsch-holzbau.eu\/holzwalter\/wp-content\/uploads\/sites\/30\/2022\/07\/logo-pl.png","contentUrl":"https:\/\/shop.bertsch-holzbau.eu\/holzwalter\/wp-content\/uploads\/sites\/30\/2022\/07\/logo-pl.png","width":2000,"height":482,"caption":"Holz Walter"},"image":{"@id":"https:\/\/shop.bertsch-holzbau.eu\/holzwalter\/#\/schema\/logo\/image\/"}}]}},"_links":{"self":[{"href":"https:\/\/shop.bertsch-holzbau.eu\/holzwalter\/wp-json\/wp\/v2\/product\/15499"}],"collection":[{"href":"https:\/\/shop.bertsch-holzbau.eu\/holzwalter\/wp-json\/wp\/v2\/product"}],"about":[{"href":"https:\/\/shop.bertsch-holzbau.eu\/holzwalter\/wp-json\/wp\/v2\/types\/product"}],"wp:featuredmedia":[{"embeddable":true,"href":"https:\/\/shop.bertsch-holzbau.eu\/holzwalter\/wp-json\/wp\/v2\/media\/38072"}],"wp:attachment":[{"href":"https:\/\/shop.bertsch-holzbau.eu\/holzwalter\/wp-json\/wp\/v2\/media?parent=15499"}],"wp:term":[{"taxonomy":"product_cat","embeddable":true,"href":"https:\/\/shop.bertsch-holzbau.eu\/holzwalter\/wp-json\/wp\/v2\/product_cat?post=15499"},{"taxonomy":"product_tag","embeddable":true,"href":"https:\/\/shop.bertsch-holzbau.eu\/holzwalter\/wp-json\/wp\/v2\/product_tag?post=15499"}],"curies":[{"name":"wp","href":"https:\/\/api.w.org\/{rel}","templated":true}]}}